{"id":7048,"date":"2015-06-02T10:39:17","date_gmt":"2015-06-02T08:39:17","guid":{"rendered":"http:\/\/fanselanchalon.fr\/v3\/?page_id=7048"},"modified":"2026-04-10T18:00:32","modified_gmt":"2026-04-10T16:00:32","slug":"stats","status":"publish","type":"page","link":"https:\/\/www.fanselanchalon.fr\/v3\/stats","title":{"rendered":"Statistiques de L\u2019\u00c9lan Chalon &#8211; Saison 2025-2026"},"content":{"rendered":"<p style=\"text-align: center;\"><span style=\"font-size: 12pt;\"><span style=\"color: #0000ff;\"><em><strong>Mise \u00e0 jour Jean Pierre le :<span style=\"color: #666699; font-size: 24pt;\">\u00a0 08\/04\/2026 apr\u00e8s la <span style=\"color: #339966;\">25eme<\/span> journ\u00e9e de championnat<\/span><\/strong><\/em><\/span><\/span><span style=\"color: #008000;\"><strong><br \/><\/strong><\/span><\/p>\r\n<p style=\"text-align: center;\"><span style=\"font-size: 12pt; color: #ff0000;\"><strong><em>Vous pouvez consulter ou agrandir chacune des images en cliquant dessus<\/em><\/strong><\/span><span style=\"font-size: 18pt; color: #000080;\"><em><strong>\u00a0\u00a0\u00a0\u00a0\u00a0 \u00a0\u00a0 <\/strong><\/em><\/span><\/p>\r\n<p style=\"text-align: center;\"><span style=\"font-size: 24pt; color: #000080;\"><em><strong>GRAPHIQUES\u00a0 STATISTIQUES\u00a0 COLLECTIVES \u00c9QUIPE<\/strong><\/em><\/span><span style=\"font-size: 18pt; color: #000080;\"><em><strong>\u00a0 \u00a0 ET<\/strong><\/em><\/span><span style=\"font-size: 18pt; color: #000080;\"><em><strong>\u00a0 \u00a0 <span style=\"font-size: 24pt;\">GRAPHIQUES\u00a0 INDIVIDUELLES JOUEUR PAR JOUEUR<\/span><\/strong><\/em><\/span><\/p>\r\n<p style=\"text-align: center;\"><span style=\"font-size: 18pt; color: #000080;\"><a href=\"https:\/\/www.fanselanchalon.fr\/v3\/wp-content\/uploads\/2026\/04\/Collectives.jpg\" data-rel=\"lightbox-image-0\" data-rl_title=\"\" data-rl_caption=\"\" title=\"\"><img data-dominant-color=\"e3dfc8\" data-has-transparency=\"false\" style=\"--dominant-color: #e3dfc8;\" loading=\"lazy\" decoding=\"async\" class=\"aligncenter size-full wp-image-77416 not-transparent\" src=\"https:\/\/www.fanselanchalon.fr\/v3\/wp-content\/uploads\/2026\/04\/Collectives.jpg\" alt=\"\" width=\"1140\" height=\"643\" srcset=\"https:\/\/www.fanselanchalon.fr\/v3\/wp-content\/uploads\/2026\/04\/Collectives.jpg 1140w, https:\/\/www.fanselanchalon.fr\/v3\/wp-content\/uploads\/2026\/04\/Collectives-595x336.jpg 595w, https:\/\/www.fanselanchalon.fr\/v3\/wp-content\/uploads\/2026\/04\/Collectives-960x541.jpg 960w, https:\/\/www.fanselanchalon.fr\/v3\/wp-content\/uploads\/2026\/04\/Collectives-768x433.jpg 768w, https:\/\/www.fanselanchalon.fr\/v3\/wp-content\/uploads\/2026\/04\/Collectives-600x338.jpg 600w\" sizes=\"auto, (max-width: 1140px) 100vw, 1140px\" \/><\/a><\/span><span style=\"color: #000080;\"><strong><a href=\"https:\/\/www.fanselanchalon.fr\/v3\/wp-content\/uploads\/2025\/10\/Collectives.jpg\" data-rel=\"lightbox-image-1\" data-rl_title=\"\" data-rl_caption=\"\" title=\"\"><span style=\"font-size: 18pt;\"><span style=\"color: #000000;\">Statistiques individuelles<\/span><\/span><\/a><a href=\"https:\/\/www.fanselanchalon.fr\/v3\/wp-content\/uploads\/2026\/04\/Indiv1.jpg\" data-rel=\"lightbox-image-2\" data-rl_title=\"\" data-rl_caption=\"\" title=\"\"><img data-dominant-color=\"e1e3d5\" data-has-transparency=\"false\" style=\"--dominant-color: #e1e3d5;\" loading=\"lazy\" decoding=\"async\" class=\"aligncenter size-full wp-image-77417 not-transparent\" src=\"https:\/\/www.fanselanchalon.fr\/v3\/wp-content\/uploads\/2026\/04\/Indiv1.jpg\" alt=\"\" width=\"1139\" height=\"691\" srcset=\"https:\/\/www.fanselanchalon.fr\/v3\/wp-content\/uploads\/2026\/04\/Indiv1.jpg 1139w, https:\/\/www.fanselanchalon.fr\/v3\/wp-content\/uploads\/2026\/04\/Indiv1-595x361.jpg 595w, https:\/\/www.fanselanchalon.fr\/v3\/wp-content\/uploads\/2026\/04\/Indiv1-960x582.jpg 960w, https:\/\/www.fanselanchalon.fr\/v3\/wp-content\/uploads\/2026\/04\/Indiv1-768x466.jpg 768w, https:\/\/www.fanselanchalon.fr\/v3\/wp-content\/uploads\/2026\/04\/Indiv1-600x364.jpg 600w\" sizes=\"auto, (max-width: 1139px) 100vw, 1139px\" \/><\/a><a href=\"https:\/\/www.fanselanchalon.fr\/v3\/wp-content\/uploads\/2026\/04\/indiv2.jpg\" data-rel=\"lightbox-image-3\" data-rl_title=\"\" data-rl_caption=\"\" title=\"\"><img data-dominant-color=\"e0e3d5\" data-has-transparency=\"false\" style=\"--dominant-color: #e0e3d5;\" loading=\"lazy\" decoding=\"async\" class=\"aligncenter size-full wp-image-77418 not-transparent\" src=\"https:\/\/www.fanselanchalon.fr\/v3\/wp-content\/uploads\/2026\/04\/indiv2.jpg\" alt=\"\" width=\"1134\" height=\"672\" srcset=\"https:\/\/www.fanselanchalon.fr\/v3\/wp-content\/uploads\/2026\/04\/indiv2.jpg 1134w, https:\/\/www.fanselanchalon.fr\/v3\/wp-content\/uploads\/2026\/04\/indiv2-595x353.jpg 595w, https:\/\/www.fanselanchalon.fr\/v3\/wp-content\/uploads\/2026\/04\/indiv2-960x569.jpg 960w, https:\/\/www.fanselanchalon.fr\/v3\/wp-content\/uploads\/2026\/04\/indiv2-768x455.jpg 768w, https:\/\/www.fanselanchalon.fr\/v3\/wp-content\/uploads\/2026\/04\/indiv2-600x356.jpg 600w\" sizes=\"auto, (max-width: 1134px) 100vw, 1134px\" \/><\/a><a href=\"https:\/\/www.fanselanchalon.fr\/v3\/wp-content\/uploads\/2026\/04\/Indiv3.jpg\" data-rel=\"lightbox-image-4\" data-rl_title=\"\" data-rl_caption=\"\" title=\"\"><img data-dominant-color=\"e1e4d6\" data-has-transparency=\"false\" style=\"--dominant-color: #e1e4d6;\" loading=\"lazy\" decoding=\"async\" class=\"aligncenter size-full wp-image-77419 not-transparent\" src=\"https:\/\/www.fanselanchalon.fr\/v3\/wp-content\/uploads\/2026\/04\/Indiv3.jpg\" alt=\"\" width=\"1131\" height=\"678\" srcset=\"https:\/\/www.fanselanchalon.fr\/v3\/wp-content\/uploads\/2026\/04\/Indiv3.jpg 1131w, https:\/\/www.fanselanchalon.fr\/v3\/wp-content\/uploads\/2026\/04\/Indiv3-595x357.jpg 595w, https:\/\/www.fanselanchalon.fr\/v3\/wp-content\/uploads\/2026\/04\/Indiv3-960x575.jpg 960w, https:\/\/www.fanselanchalon.fr\/v3\/wp-content\/uploads\/2026\/04\/Indiv3-768x460.jpg 768w, https:\/\/www.fanselanchalon.fr\/v3\/wp-content\/uploads\/2026\/04\/Indiv3-600x360.jpg 600w\" sizes=\"auto, (max-width: 1131px) 100vw, 1131px\" \/><\/a><a href=\"https:\/\/www.fanselanchalon.fr\/v3\/wp-content\/uploads\/2026\/04\/Indiv4.jpg\" data-rel=\"lightbox-image-5\" data-rl_title=\"\" data-rl_caption=\"\" title=\"\"><img data-dominant-color=\"e1e3d3\" data-has-transparency=\"false\" style=\"--dominant-color: #e1e3d3;\" loading=\"lazy\" decoding=\"async\" class=\"aligncenter size-full wp-image-77420 not-transparent\" src=\"https:\/\/www.fanselanchalon.fr\/v3\/wp-content\/uploads\/2026\/04\/Indiv4.jpg\" alt=\"\" width=\"897\" height=\"478\" srcset=\"https:\/\/www.fanselanchalon.fr\/v3\/wp-content\/uploads\/2026\/04\/Indiv4.jpg 897w, https:\/\/www.fanselanchalon.fr\/v3\/wp-content\/uploads\/2026\/04\/Indiv4-595x317.jpg 595w, https:\/\/www.fanselanchalon.fr\/v3\/wp-content\/uploads\/2026\/04\/Indiv4-768x409.jpg 768w, https:\/\/www.fanselanchalon.fr\/v3\/wp-content\/uploads\/2026\/04\/Indiv4-600x320.jpg 600w\" sizes=\"auto, (max-width: 897px) 100vw, 897px\" \/><\/a><\/strong><\/span><a href=\"https:\/\/www.fanselanchalon.fr\/v3\/wp-content\/uploads\/2026\/04\/Rend-Min.jpg\" data-rel=\"lightbox-image-6\" data-rl_title=\"\" data-rl_caption=\"\" title=\"\"><img data-dominant-color=\"ddd8bf\" data-has-transparency=\"false\" style=\"--dominant-color: #ddd8bf;\" loading=\"lazy\" decoding=\"async\" class=\"aligncenter size-full wp-image-77421 not-transparent\" src=\"https:\/\/www.fanselanchalon.fr\/v3\/wp-content\/uploads\/2026\/04\/Rend-Min.jpg\" alt=\"\" width=\"1141\" height=\"568\" srcset=\"https:\/\/www.fanselanchalon.fr\/v3\/wp-content\/uploads\/2026\/04\/Rend-Min.jpg 1141w, https:\/\/www.fanselanchalon.fr\/v3\/wp-content\/uploads\/2026\/04\/Rend-Min-595x296.jpg 595w, https:\/\/www.fanselanchalon.fr\/v3\/wp-content\/uploads\/2026\/04\/Rend-Min-960x478.jpg 960w, https:\/\/www.fanselanchalon.fr\/v3\/wp-content\/uploads\/2026\/04\/Rend-Min-768x382.jpg 768w, https:\/\/www.fanselanchalon.fr\/v3\/wp-content\/uploads\/2026\/04\/Rend-Min-600x299.jpg 600w\" sizes=\"auto, (max-width: 1141px) 100vw, 1141px\" \/><\/a><a href=\"https:\/\/www.fanselanchalon.fr\/v3\/wp-content\/uploads\/2026\/04\/Classem.jpg\" data-rel=\"lightbox-image-7\" data-rl_title=\"\" data-rl_caption=\"\" title=\"\"><img data-dominant-color=\"dad6bc\" data-has-transparency=\"false\" style=\"--dominant-color: #dad6bc;\" loading=\"lazy\" decoding=\"async\" class=\"aligncenter size-full wp-image-77422 not-transparent\" src=\"https:\/\/www.fanselanchalon.fr\/v3\/wp-content\/uploads\/2026\/04\/Classem.jpg\" alt=\"\" width=\"1191\" height=\"707\" srcset=\"https:\/\/www.fanselanchalon.fr\/v3\/wp-content\/uploads\/2026\/04\/Classem.jpg 1191w, https:\/\/www.fanselanchalon.fr\/v3\/wp-content\/uploads\/2026\/04\/Classem-595x353.jpg 595w, https:\/\/www.fanselanchalon.fr\/v3\/wp-content\/uploads\/2026\/04\/Classem-960x570.jpg 960w, https:\/\/www.fanselanchalon.fr\/v3\/wp-content\/uploads\/2026\/04\/Classem-768x456.jpg 768w, https:\/\/www.fanselanchalon.fr\/v3\/wp-content\/uploads\/2026\/04\/Classem-600x356.jpg 600w\" sizes=\"auto, (max-width: 1191px) 100vw, 1191px\" \/><\/a><\/p>\r\n<p style=\"text-align: center;\"><em><span style=\"color: #000080;\"><strong><span style=\"font-size: 24pt;\">PREPARATION\u00a0 \u00a0 <a href=\"https:\/\/www.fanselanchalon.fr\/v3\/wp-content\/uploads\/2025\/10\/Preparation.jpg\" data-rel=\"lightbox-image-8\" data-rl_title=\"\" data-rl_caption=\"\" title=\"\"><img data-dominant-color=\"d6d6d3\" data-has-transparency=\"false\" style=\"--dominant-color: #d6d6d3;\" loading=\"lazy\" decoding=\"async\" class=\"aligncenter size-full wp-image-77072 not-transparent\" src=\"https:\/\/www.fanselanchalon.fr\/v3\/wp-content\/uploads\/2025\/10\/Preparation.jpg\" alt=\"\" width=\"1199\" height=\"413\" srcset=\"https:\/\/www.fanselanchalon.fr\/v3\/wp-content\/uploads\/2025\/10\/Preparation.jpg 1199w, https:\/\/www.fanselanchalon.fr\/v3\/wp-content\/uploads\/2025\/10\/Preparation-595x205.jpg 595w, https:\/\/www.fanselanchalon.fr\/v3\/wp-content\/uploads\/2025\/10\/Preparation-960x331.jpg 960w, https:\/\/www.fanselanchalon.fr\/v3\/wp-content\/uploads\/2025\/10\/Preparation-768x265.jpg 768w, https:\/\/www.fanselanchalon.fr\/v3\/wp-content\/uploads\/2025\/10\/Preparation-600x207.jpg 600w\" sizes=\"auto, (max-width: 1199px) 100vw, 1199px\" \/><\/a><\/span><\/strong><\/span><\/em><\/p>\r\n<p style=\"text-align: center;\"><em><span style=\"color: #000080;\"><strong><span style=\"font-size: 24pt;\">\u00a0<\/span> <\/strong><\/span><\/em><\/p>\r\n<p>&nbsp;<\/p>\r\n<p>&nbsp;<\/p>\r\n<p style=\"text-align: center;\"><strong><span style=\"color: #0000ff;\">Je suis \u00e0 la disposition de toute personne voulant un renseignement concernant les stats, ou une stat sur l&rsquo;\u00e9quipe ou un joueur en particulier. Ceci \u00e0 partir de la saison 2014\/2015. (jpdevelle71@gmail.com)<br \/><\/span><\/strong><\/p>\r\n","protected":false},"excerpt":{"rendered":"<p>Mise \u00e0 jour Jean Pierre le :\u00a0 08\/04\/2026 apr\u00e8s la 25eme journ\u00e9e de championnat Vous pouvez consulter ou agrandir chacune des images en cliquant dessus\u00a0\u00a0\u00a0\u00a0\u00a0 \u00a0\u00a0 GRAPHIQUES\u00a0 STATISTIQUES\u00a0 COLLECTIVES \u00c9QUIPE\u00a0&hellip; <\/p>\n","protected":false},"author":106,"featured_media":0,"parent":0,"menu_order":0,"comment_status":"open","ping_status":"closed","template":"","meta":{"two_page_speed":{"previous_score":{"desktop_score":80,"desktop_tti":"4.2\u00a0","mobile_score":38,"mobile_tti":"15.5\u00a0","date":"19.10.2023 09:27:07 pm","status":"completed"},"current_score":{"desktop_score":93,"desktop_tti":"2.6\u00a0","mobile_score":87,"mobile_tti":"2.5\u00a0","date":"05.11.2023 08:10:40 pm","status":"error_no_score"}},"footnotes":""},"class_list":["post-7048","page","type-page","status-publish","hentry"],"featured_image_src":null,"_links":{"self":[{"href":"https:\/\/www.fanselanchalon.fr\/v3\/wp-json\/wp\/v2\/pages\/7048","targetHints":{"allow":["GET"]}}],"collection":[{"href":"https:\/\/www.fanselanchalon.fr\/v3\/wp-json\/wp\/v2\/pages"}],"about":[{"href":"https:\/\/www.fanselanchalon.fr\/v3\/wp-json\/wp\/v2\/types\/page"}],"author":[{"embeddable":true,"href":"https:\/\/www.fanselanchalon.fr\/v3\/wp-json\/wp\/v2\/users\/106"}],"replies":[{"embeddable":true,"href":"https:\/\/www.fanselanchalon.fr\/v3\/wp-json\/wp\/v2\/comments?post=7048"}],"version-history":[{"count":60,"href":"https:\/\/www.fanselanchalon.fr\/v3\/wp-json\/wp\/v2\/pages\/7048\/revisions"}],"predecessor-version":[{"id":77424,"href":"https:\/\/www.fanselanchalon.fr\/v3\/wp-json\/wp\/v2\/pages\/7048\/revisions\/77424"}],"wp:attachment":[{"href":"https:\/\/www.fanselanchalon.fr\/v3\/wp-json\/wp\/v2\/media?parent=7048"}],"curies":[{"name":"wp","href":"https:\/\/api.w.org\/{rel}","templated":true}]}}